 when 27 is divided by (-6)/(-33) - 108/v.
7
Let d be (-65)/(-5) - (-4)/(-2). Suppose v - 7 = 1. What is the remainder when d + 0 + 0 - -3 is divided by v?
6
Let k = -9 + 9. Suppose -2*q + k*u - 3*u + 107 = 0, q - 5*u - 34 = 0. Let b = 58 - 45. What is the remainder when q is divided by b?
10
Calculate the remainder when (-2)/8 + ((-9234)/(-72) - -14) is divided by 24.
22
Suppose -3*a + 160 + 90 = 4*n, 4*a + 3*n = 338. Let w(d) = 3*d**2 - 8 + 23*d + 2 + d**2. What is the remainder when a is divided by w(-7)?
28
Calculate the remainder when 40 is divided by ((-32)/(-64))/(-2 + 53/26).
1
What is the remainder when 243 is divided by (-8)/8*1*-63?
54
Let v = 6 - -9. Suppose -v*c + 354 = -12*c. What is the remainder when c is divided by 30?
28
Let v = 73 + -91. What is the remainder when 83 is divided by (-4)/v + (-424)/(-36)?
11
Suppose 5*l = -5, -k + 0*k + 5*l = -19. Calculate the remainder when k is divided by 2*(-2 - 36/(-8)).
4
Suppose -83 = -2*m + f, 2*m = -0*m - 3*f + 95. Let y(q) = 4*q + 143. Calculate the remainder when m is divided by y(-30).
20
Let d(x) = x**3 + 5*x**2 + x - 4. Let g be d(-3). Let o = -13 + g. What is the remainder when (116 + o)/(7 - 5) is divided by 29?
28
What is the remainder when 61 is divided by 17/((-11 - -5)/(-6))?
10
Suppose -2*g = -7*g + 315. Let s be (1 - (-37)/3)*(-3)/(-2). What is the remainder when g is divided by s - 1*(-4 - -2)?
19
Let p = -9 + 8. Let b be -7 + (-3 - -3) + p. Let r = b + 17. Calculate the remainder when 15 is divided by r.
6
Calculate the remainder when 3/3 - (-29 - -1) is divided by -42*16/(-64) - 2/4.
9
Let r(j) = 14*j. Suppose -4*u + 15 = -5. Suppose a + u = 7. What is the remainder when r(a) is divided by 5?
3
Suppose -11*d = -13*d + 416. What is the remainder when d is divided by 35?
33
Suppose -y + 48 = 5*j, 5*j + 4*y + 8 = 65. Suppose -w = 29*w - 720. What is the remainder when w is divided by j?
6
Suppose -y - 144 = -p, -2*p = -4*y + 7*y - 313. Calculate the remainder when p is divided by 16.
5
Let o(p) = 2*p**2 + 13. What is the remainder when o(7) is divided by 34?
9
Let t(w) be the second derivative of -3*w**3/2 + 11*w**2/2 - 11*w. Calculate the remainder when t(-4) is divided by 16.
15
Suppose 2*n + 3*n = 4*d + 412, n - 3*d - 78 = 0. Let z = n - 23. What is the remainder when z is divided by 16?
13
Suppose u + 3 = 152. Let h be (1 - 3)/((-5)/(-7) + -1). Suppose -h*o + u = -82. What is the remainder when o is divided by 9?
6
Let t(z) = -12*z - 2*z - 7 - z**2 + 0*z - 4. Let w(x) = 6*x**3 - 4*x**2 + 3*x. Calculate the remainder when w(2) is divided by t(-12).
12
Let z = -356 + 361. Calculate the remainder when 54 is divided by z.
4
Suppose 5*f = 5 + 60. Let x = f + -5. Suppose -60 = 3*a - 7*a. What is the remainder when a is divided by x?
7
What is the remainder when -1 + 82 + (-2 - -4) is divided by 24?
11
Suppose -9*l + 246 = -78. Suppose 0 = -7*r + 9*r - l. What is the remainder when 67 is divided by r?
13
Suppose 3*t - 38 = 3*p - 11, -5*t = 5*p - 5. Suppose 5*o = k - 12, 3*k + 4*o + 14 = -7. What is the remainder when (-189)/(-36) + k/p is divided by 4?
2
Let u = 14 - -81. What is the remainder when u is divided by 18?
5
Suppose 0 = -21*k - 58 + 226. Calculate the remainder when 223 is divided by k.
7
Let o(b) = b + 20. Let q be o(-10). Let g = -6 + q. Let h(m) = 32*m - 785. Calculate the remainder when h(25) is divided by g.
3
Let g(b) = -68*b**2 - 14*b + 23. Let u(w) = -23*w**2 - 5*w + 8. Let k(h) = -6*g(h) + 17*u(h). Let x = 4 - 6. Calculate the remainder when k(x) is divided by 23.
22
Suppose 2*x - 14*y + 19*y = 0, -5*y = 20. Calculate the remainder when 171 is divided by x.
1
Suppose -2*t - u = -3*t + 43, -4*t = 5*u - 136. Calculate the remainder when t is divided by 34.
5
What is the remainder when 130 is divided by 710/80 + 4/160*5?
4
What is the remainder when 52/(-8) + 7 + (-419)/(-2) is divided by 43?
38
Let n be (-73)/(-1) + 0/(-1). Suppose -n = -2*w + 83. Calculate the remainder when w is divided by 10.
8
Suppose 7*i - 846 = -2*i. Let n(f) = 2*f**2 + 2*f - 12. Calculate the remainder when i is divided by n(-4).
10
Suppose -11*r - 16 = -27*r. Suppose -4*f + 4 = -0*f. Calculate the remainder when r is divided by f.
0
What is the remainder when 9 is divided by (-80 - -84) + 0 + -1 + 5?
1
Suppose 4*q - 3 = t - 7, 5*t + q - 41 = 0. What is the remainder when 15 is divided by t/(-28) - 185/(-35)?
0
Suppose -58 + 163 = 5*p. Calculate the remainder when -1 - -1 - (-1 + -39) is divided by p.
19
Suppose -71*f - 14 = -73*f. Let z be (-4)/(-10) - (-64)/(-10). Let k = 32 + z. What is the remainder when k is divided by f?
5
Suppose -l + 4 = -1. Let x be 1/l - (-411)/(-5). Let u = -57 - x. What is the remainder when u is divided by 7?
4
Let j(o) be the first derivative of 14*o**3/3 + o**2 - o - 3. Let t be j(1). What is the remainder when ((-14)/35)/((-1)/t) is divided by 4?
2
Suppose -5*z + 4*f + 100 = 0, -51 = -5*z - 5*f + 4. Let c = 52 + -21. Calculate the remainder when c is divided by z.
15
Suppose -5*n = -2*g + 65, 3*n = g + 4*n - 36. Suppose -13*j + 26*j = 2249. What is the remainder when j is divided by g?
33
Let m(w) = -w**3 + 2*w**2 + 2*w + 2. Let b be m(-2). Suppose -3*g = -18 + 3. Suppose -g*c + b + 6 = 0. What is the remainder when 10 is divided by c?
2
Suppose -5*q + 4 = -46. Suppose -4*y + 2*y + q = 0. Suppose 396 = 4*h - y*n, 0 = -5*h - 0*n - n + 495. Calculate the remainder when h is divided by 25.
24
Let q(x) be the first derivative of 3*x**2/2 + 10*x + 1. Let t(y) = 2*y + 7. Let l(s) = -5*q(s) + 8*t(s). Calculate the remainder when 50 is divided by l(11).
16
Suppose 3*o = 6, 715 = 5*h + 5*o - 820. What is the remainder when h is divided by 35?
25
Suppose 6*p = 3*t + 3*p - 60, 0 = -5*t + 3*p + 96. Let a = 53 - t. Suppose 5*r = 5*s + a, -21 - 7 = -4*r + 2*s. What is the remainder when r is divided by 4?
3
Let m = 1 + 46. Calculate the remainder when m is divided by 17/(-1 - 2/(-1)).
13
Let o be 42*98/8 + 45/(-90). Let p = o - 246. What is the remainder when p is divided by 54?
52
Let p(o) = o**2 + 5*o - 6. Suppose 2*m + 8 = -4. Let g be p(m). Suppose 2*z - x = -1, -17 = 4*z - g*x - 5*x. Calculate the remainder when 2 is divided by z.
0
Suppose -5*r - 10 = -7*r, -72 = -2*f - 4*r. Calculate the remainder when 94 is divided by f.
16
Let o(i) = -2*i**2 - 16*i - 18. Suppose 0 = -4*n - 5*x + 6, -n + 3*n + 10 = 4*x. Calculate the remainder when (-23 - (-1 + 1))/n is divided by o(-5).
11
Let z = 40 - 35. Calculate the remainder when 20 is divided by z.
0
Let o(a) = a**3 - 11*a**2 + 14*a + 8. What is the remainder when 179 is divided by o(10)?
35
Let x = 115 - 163. What is the remainder when 80 is divided by (2 - (-50)/8)/((-18)/x)?
14
Let m(f) = -19*f - 10. Let t be m(-6). Suppose -9*i + t = -112. Calculate the remainder when i is divided by 5.
4
Let f = 48 + -52. What is the remainder when 22 is divided by (14/f)/(3*6/(-36))?
1
Let b(v) = -v + 8. Let d(q) be the first derivative of q**3/3 + 7*q**2 - 7. Let a be d(-13). Calculate the remainder when b(a) is divided by 12.
9
Suppose -20*d + 218 + 22 = 0. Calculate the remainder when 91 is divided by d.
7
Let t be 10/(-4)*66/(-15). Suppose 59 = 4*g + t. Suppose i + 0*i = 2*a - 49, a = -5*i + 8. What is the remainder when a is divided by g?
11
Let x = 1335 + -1193. Calculate the remainder when x is divided by 19.
9
Suppose 309*o - 22099 - 4605 = 8213. What is the remainder when o is divided by ((-3)/2)/(3/(-76))?
37
Let p = 42 - 29. Suppose -2*t - 7*t = -198. Calculate the remainder when t is divided by p.
9
Suppose 0 = 5*j + 25, 18 = i + 2*i - 3*j. Let h = 21 + i. What is the remainder when h is divided by 8?
6
Let a(q) = q**3 + 4*q**2 - 8*q - 5. Suppose 16*w - 19*w = 693. Calculate the remainder when (-1 - 11)*w/99 is divided by a(-5).
8
Let i be (-3)/(3 - 168/52). Suppose 0 = w - 12 - i. Suppose g - 5*f - w = 0, -2*f = -2*g - 2*g + 28. What is the remainder when 8 is divided by g?
3
Suppose -5*h = 3*p + 280, -3*p = -7*p. Let x = h - -63. Calculate the remainder when 33 is divided by x.
5
Let a(n) = n**2 + 2*n - 1. Let w be a(1). Suppose w*u - 198 = 5*t - t, 5*t - 2*u = -245. Let f = -33 - t. What is the remainder when 53 is divided by f?
11
Let k = 89 - 89. Suppose k = 14*i + 3*i - 1139. What is the remainder when i